 the remainder when 189695 is divided by 678.
533
Calculate the remainder when 4831075 is divided by 2266.
2229
What is the remainder when 143372631 is divided by 1406?
1405
Calculate the remainder when 84334 is divided by 1376.
398
What is the remainder when 75500 is divided by 18787?
352
Calculate the remainder when 72333 is divided by 2126.
49
What is the remainder when 47169 is divided by 7820?
249
What is the remainder when 22149 is divided by 9853?
2443
Calculate the remainder when 529647 is divided by 2498.
71
What is the remainder when 332498358 is divided by 13?
10
What is the remainder when 174334 is divided by 28315?
4444
Calculate the remainder when 7081 is divided by 3115.
851
Calculate the remainder when 349672 is divided by 116495.
187
Calculate the remainder when 271798 is divided by 60.
58
Calculate the remainder when 1267475 is divided by 1267439.
36
Calculate the remainder when 1773796 is divided by 451.
13
Calculate the remainder when 41720710 is divided by 723.
718
Calculate the remainder when 4383984 is divided by 1461328.
0
Calculate the remainder when 935716 is divided by 75.
16
What is the remainder when 80453 is divided by 11276?
1521
What is the remainder when 500540 is divided by 266?
194
Calculate the remainder when 57248674 is divided by 4475.
4474
Calculate the remainder when 46341649 is divided by 28137.
10
Calculate the remainder when 60250 is divided by 900.
850
Calculate the remainder when 169410148 is divided by 630.
628
What is the remainder when 1695919 is divided by 1637?
1624
What is the remainder when 1054047 is divided by 4623?
3
Calculate the remainder when 256322 is divided by 42664.
338
What is the remainder when 121237152 is divided by 40412378?
18
Calculate the remainder when 1544855 is divided by 11359.
31
What is the remainder when 147361 is divided by 145225?
2136
What is the remainder when 539169 is divided by 731?
422
Calculate the remainder when 1197800 is divided by 355.
30
What is the remainder when 6546239 is divided by 192?
191
Calculate the remainder when 785135499 is divided by 50.
49
Calculate the remainder when 3568208 is divided by 4.
0
What is the remainder when 519815 is divided by 73979?
1962
What is the remainder when 9385904 is divided by 14?
10
What is the remainder when 251 is divided by 2?
1
What is the remainder when 128834898 is divided by 3337?
2
What is the remainder when 83874612 is divided by 127663?
21
Calculate the remainder when 5237237 is divided by 20.
17
What is the remainder when 30774822 is divided by 483?
477
What is the remainder when 834741 is divided by 20868?
21
What is the remainder when 728405 is divided by 1097?
1094
What is the remainder when 54781090 is divided by 4213930?
0
What is the remainder when 31315 is divided by 9606?
2497
What is the remainder when 1011163 is divided by 126357?
307
Calculate the remainder when 39089201 is divided by 67.
61
What is the remainder when 9358874 is divided by 779905?
14
What is the remainder when 25534961 is divided by 1021398?
11
Calculate the remainder when 1408951 is divided by 53.
52
What is the remainder when 35000078 is divided by 580?
558
What is the remainder when 361038 is divided by 222?
66
What is the remainder when 81010083 is divided by 2?
1
Calculate the remainder when 31131 is divided by 14381.
2369
What is the remainder when 44245952 is divided by 294973?
2
Calculate the remainder when 23922090 is divided by 447.
438
What is the remainder when 105518 is divided by 208?
62
Calculate the remainder when 26664 is divided by 22773.
3891
What is the remainder when 942816 is divided by 88?
72
What is the remainder when 10884547 is divided by 417?
13
What is the remainder when 16381397 is divided by 327?
5
Calculate the remainder when 6691182 is divided by 1298.
1290
What is the remainder when 144836 is divided by 14045?
4386
Calculate the remainder when 12202 is divided by 484.
102
Calculate the remainder when 838747 is divided by 5332.
1623
Calculate the remainder when 1151464 is divided by 8466.
88
What is the remainder when 38116 is divided by 119?
36
Calculate the remainder when 74037 is divided by 6718.
139
Calculate the remainder when 853385 is divided by 79.
27
What is the remainder when 50385 is divided by 1163?
376
Calculate the remainder when 4558 is divided by 1046.
374
Calculate the remainder when 46067556 is divided by 28.
24
What is the remainder when 203932 is divided by 445?
122
Calculate the remainder when 147580 is divided by 147556.
24
Calculate the remainder when 316077 is divided by 21068.
57
Calculate the remainder when 71469118 is divided by 1366.
1364
Calculate the remainder when 6847572 is divided by 82.
80
What is the remainder when 41450078 is divided by 1339?
1333
Calculate the remainder when 7953944 is divided by 1988486.
0
Calculate the remainder when 738046 is divided by 494.
10
What is the remainder when 528628 is divided by 1373?
23
Calculate the remainder when 657434 is divided by 328668.
98
What is the remainder when 67809321 is divided by 107?
104
What is the remainder when 11838246 is divided by 1010?
36
What is the remainder when 55551 is divided by 2626?
405
Calculate the remainder when 4531748 is divided by 116.
92
Calculate the remainder when 1996471 is divided by 12556.
67
What is the remainder when 143408 is divided by 70553?
2302
What is the remainder when 146890573 is divided by 5116?
5097
What is the remainder when 23638877 is divided by 2214?
2213
What is the remainder when 6090389 is divided by 122?
27
What is the remainder when 2347970 is divided by 497?
142
What is the remainder when 3712725 is divided by 285593?
16
What is the remainder when 4255515 is divided by 95?
85
What is the remainder when 160230977 is divided by 1820?
1817
Calculate the remainder when 455581183 is divided by 128.
127
Calculate the remainder when 185153 is divided by 4996.
301
What is the remainder when 21592875 is divided by 199?
181
What is the remainder when 55675702 is divided by 168?
166
What is the remainder when 29075 is divided by 4652?
1163
What is the remainder when 342755 is divided by 968?
83
Calculate the remainder when 25966786 is divided by 1202.
1182
Calculate the remainder when 811545 is divided by 8366.
43
Calculate the remainder when 146313325 is divided by 890.
885
Calculate the remainder when 113756 is divided by 422.
238
Calculate the remainder when 12724276 is divided by 1111.
1104
Calculate the remainder when 86767 is divided by 9.
7
Calculate the remainder when 14544899 is divided by 4848288.
35
Calculate the remainder when 1316909 is divided by 15337.
13264
What is the remainder when 457685 is divided by 152548?
41
Calculate the remainder when 2053846 is divided by 681.
631
Calculate the remainder when 111404 is divided by 15710.
1434
What is the remainder when 480611 is divided by 7878?
53
What is the remainder when 54269756 is divided by 40?
36
Calculate the remainder when 12137798 is divided by 12137784.
14
What is the remainder when 264169 is divided by 52822?
59
What is the remainder when 1199300 is divided by 171328?
4
What is the remainder when 124024 is divided by 61976?
72
What is the remainder when 243867 is divided by 8650?
1667
Calculate the remainder when 26403546 is divided by 349.
300
What is the remainder when 70928361 is divided by 39?
36
Calculate the remainder when 59763818 is divided by 613.
609
Calculate the remainder when 331912 is divided by 20235.
8152
What is the remainder when 166528 is divided by 1335?
988
Calculate the remainder when 862866 is divided by 7569.
0
What is the remainder when 2323414 is divided by 7171?
10
What is the remainder when 91029 is divided by 1058?
41
What is the remainder when 2428784 is divided by 93?
89
What is the remainder when 337196 is divided by 904?
4
What is the remainder when 793275 is divided by 386?
45
Calculate the remainder when 2086110 is divided by 115886.
162
What is the remainder when 2188238 is divided by 1094119?
0
What is the remainder when 163562 is divided by 162?
104
What is the remainder when 15436920 is divided by 163?
5
Calculate the remainder when 80759340 is divided by 42.
18
Calculate the remainder when 9819939 is divided by 71.
0
What is the remainder when 11121539 is 